q = 2*r - 69, 5*q - 41 = -10*r + 7*r. Calculate the highest common divisor of 451 and r.
11
Let i(s) = -s**2 - 20*s - 49. Let d be i(-17). Suppose -l = 5*h - 118, 0 = -h + d*l + 2*l + 32. What is the highest common factor of 40 and h?
8
Let z = 5811 + -5791. Calculate the greatest common factor of z and 2270.
10
Let d be (-2)/7 - (-6)/21. Suppose 5*p + 20 - 60 = d. Suppose -3*r = o - 52, -5*r - 163 = -3*o + 49. Calculate the greatest common factor of o and p.
8
Let y be (10/40)/(3/36) + 338. Calculate the highest common divisor of y and 558.
31
Let s = 340 + -327. Suppose s*h = 25*h - 1008. Calculate the highest common divisor of 21 and h.
21
Let l(h) = h**3 + 40*h**2 - 73*h + 260. Let n be l(-40). Calculate the greatest common divisor of n and 20.
20
Let a be ((-12)/10*1)/(4/(-10)). Let p be (-948)/(-16) - a/(-4). Let t = 177 - p. What is the greatest common divisor of t and 39?
39
Let v be 1 + 0/(-44)*(-1)/(-1). Let h be 29 + v - 12/4. Calculate the highest common divisor of h and 36.
9
Let p be ((-26)/117 - 4/(-18)) + 2813. Calculate the greatest common divisor of 97 and p.
97
Let h(f) = -38*f - 71. Let r(k) = 265*k + 495. Let u(t) = 15*h(t) + 2*r(t). Let q be u(-2). What is the highest common factor of q and 580?
5
Let j(a) = -2*a**3 + 4*a**2 + 4*a + 3. Let o be j(-2). Suppose -61*y - 405 = -64*y. Calculate the greatest common factor of y and o.
27
Suppose 5*g - 270 = -4*n, n + 221 = 8*g - 248. What is the highest common factor of g and 5713?
29
Let s be -6 + 105 + -6 + -3. Let g = s - -135. What is the highest common divisor of g and 25?
25
Let h(f) = -f. Let k be h(-3). Let u(p) = 7*p - 9. Let a be u(k). Let y be 23 - 8/a*-3. What is the greatest common divisor of y and 10?
5
Let u be 4268/(-143) + (4/(-26) - 0). Let c be (-12)/15 - (2424/u + 5). What is the greatest common divisor of 25 and c?
25
Let t = 57 + -32. Let o = t + -62. Let x = 41 + o. Calculate the highest common factor of x and 36.
4
Let o be (2 - 7492/14)/((-7)/(441/6)). What is the highest common factor of o and 54?
18
Suppose 3 = -x - 1, -o + 432 = 2*x. Suppose 0 = 3*n + 2*n - o. Suppose n = 2*q - 224. What is the greatest common factor of q and 12?
12
Suppose -10*l - 396 = -2*o - 6*l, 3*o - l - 579 = 0. Suppose 8*h + 32 = o. What is the highest common factor of 190 and h?
10
Suppose 10*r + 3*a - 385 = 5*r, -5*r + 385 = -a. What is the highest common factor of 7 and r?
7
Let j = -4927 + 4941. Calculate the greatest common factor of 39914 and j.
14
Let v(c) = -c**3 - 14*c + 12. Let i(s) = 2*s**3 - s**2 + 27*s - 23. Let m(p) = 4*i(p) + 7*v(p). Let x be m(5). What is the highest common divisor of 134 and x?
67
Let o = -1572 - -1670. What is the greatest common factor of 1323 and o?
49
Suppose -549 = -3*z - 10*p + 11*p, -2*p - 183 = -z. Let k = z + -148. What is the greatest common factor of k and 21?
7
Suppose -171 - 181 = -8*w. Let m = -39 + w. Suppose -4*x + 2*b + 442 = 0, -5*x + 548 = -3*b + m*b. What is the greatest common factor of x and 10?
10
Let u be ((-2)/(-4) + -1)*-704. Suppose 0 = -2696*f + 2280*f + 13312. What is the greatest common factor of u and f?
32
Let n = -770 + 900. Suppose -78 = -4*r - 2*x, 0 = -6*r + 4*r - 5*x + 35. What is the greatest common factor of r and n?
10
Let c be 2/(-3) + 0 + 64/(-12). Let x(g) = -g + 26. Let y be x(c). Let z(p) = 2*p**2 + 4*p - 16. Let n be z(-6). What is the greatest common factor of n and y?
32
Suppose -2*p + 570 - 24 = 5*w, -w - 1092 = -4*p. What is the highest common factor of 3 and p?
3
Suppose 108*x - 2232 = -78*x - 0*x. What is the highest common divisor of 296 and x?
4
Let g = 135 - -767. Suppose 8*t - 10*t = -g. Calculate the highest common factor of t and 41.
41
Suppose 0 = 4*n - d - 19, 6*d = -4*n + 10*d + 28. Suppose -10*g = -9*g + 3, 3453 = 3*l + n*g. Calculate the greatest common divisor of l and 15.
15
Suppose 110*c - 22230 = 45*c. What is the highest common divisor of 152 and c?
38
Suppose -27*c + b = -24*c - 901, -c + 3*b + 303 = 0. What is the highest common factor of c and 930?
30
Suppose -9*b - 594 = -36*b. Let r be (-440)/12*6/(-4)*10. Calculate the greatest common divisor of r and b.
22
Suppose 2*k - 2 = -m - 3, 0 = 5*m + 5. Suppose -t + 3 = -q - k*q, -3*q + 31 = 5*t. Suppose 12 = 2*p + q. What is the highest common factor of p and 10?
5
Suppose -25 = 20*y + 55. Let n(b) = -15*b + 25. Let z be n(y). What is the greatest common factor of 17 and z?
17
Let g be 2 + 6 + -8*1/2. Suppose -19*c - 2 = -21*c, 0 = 4*r - g*c - 2460. What is the highest common divisor of r and 56?
56
Suppose -12 = -4*s + 40. Let b(m) = -m**3 + 6*m**2 - m - 20. Let l be b(5). Suppose 4*r - 175 - 33 = l. What is the greatest common divisor of s and r?
13
Suppose 0*r - 4*r + 608 = 0. Let d be 7/3*23370/1435. Calculate the greatest common factor of r and d.
38
Let f be (-8)/40 - 1/(15/(-93)). Suppose -f*y + 118 = -38. Calculate the greatest common factor of 13 and y.
13
Suppose -636*r + 638*r = 96. What is the greatest common factor of 848 and r?
16
Let q(x) = 2*x**2 + 61*x + 2232. Let r be q(-95). What is the greatest common factor of 22 and r?
11
Let r = -121 + 240. Let w be (-1)/(r/30 - 4). Let x be (3 + -4)*1 - -13. Calculate the highest common divisor of w and x.
6
Let x(m) = -m**3 + 18*m**2 - 64*m + 16. Let n be x(13). Suppose n*o - 1024 = 1064. What is the greatest common factor of 84 and o?
12
Let u be (-45)/(-20)*16/12. Suppose -u*x + 39 = -3*c, c + 48 = 4*x - 2*c. What is the highest common divisor of x and 171?
9
Suppose g = 5*f - 135, -207*f + 211*f = -3*g + 89. Calculate the greatest common factor of 3068 and f.
26
Suppose -s - 3*c + 1848 = 0, 5520 = 3*s - 330*c + 333*c. What is the highest common divisor of 374 and s?
34
Suppose -9*k = 10*k - 228. Suppose 0 = -k*g - 9*g + 3276. Calculate the greatest common divisor of g and 24.
12
Suppose 4*h - 10429 = -i - 9893, -3*i + 1713 = -3*h. What is the greatest common divisor of i and 12126?
282
Let v = -1751 - -1847. What is the greatest common divisor of v and 4384?
32
Let y be (490/25)/(4/(-20)). Let m = -133 - y. Let x = m + 123. What is the greatest common divisor of 8 and x?
8
Let p(l) = -625*l - 10594. Let h be p(-17). Let c(w) = -w**3 + w**2 + 7*w - 2. Let k be c(-7). What is the highest common divisor of h and k?
31
Suppose 5*n = -174*b + 179*b + 685, -5*b = 10. What is the highest common divisor of 15 and n?
15
Suppose -11*q + 1098465 = 35*q + 21*q. Calculate the greatest common factor of 30 and q.
15
Suppose -w + 7 = -10. Let j be 268 - (8*40/32 + -9 - 5). Calculate the highest common divisor of w and j.
17
Let f = 8 + -8. Suppose -2*z + 0*z = -f*z. Suppose z = 3*s - 19 + 4. What is the greatest common divisor of s and 25?
5
Let v = -161 + 227. Let r = 1616 - 1517. Calculate the highest common factor of v and r.
33
Suppose p - 8*p = -22987 - 10382. Calculate the greatest common divisor of p and 454.
227
Let p = 20075 - -11297. Calculate the highest common factor of 92 and p.
92
Let l = 21071 + -20761. Calculate the greatest common factor of 400 and l.
10
Let o(w) = -2*w + 2. Let z be (18 - 16) + (-10)/1. Let y be o(z). Let d = 37 - y. What is the highest common divisor of d and 76?
19
Let h(f) = -6*f - 7. Let n be h(0). Let u be ((-4)/(-10)*n)/((-15)/600). What is the greatest common factor of 42 and u?
14
Suppose -9 = 2*t - 2*i - 27, 5*t - 37 = 3*i. Suppose -t*o + 4*r + 1740 = 0, -5*o - r + 6*r = -1745. What is the greatest common factor of o and 43?
43
Suppose -70*d - 80*d + 805 = -127*d. Suppose -5*c - 5*p = -725, -400 + 100 = -2*c - 4*p. What is the highest common factor of c and d?
35
Let m be 11991/147 + (-6)/(-14) - -2. What is the greatest common factor of m and 2226?
42
Suppose 5*k - 106 = n + 2*n, -4*k = 2*n - 98. Suppose k*v - 1496 = 6*v. What is the greatest common factor of 16 and v?
8
Let j = 2 - -1. Let s be ((-1)/3 - (-2051)/(-21))/(-2). Suppose 0 = -2*a + 4*v + 78, 3*a + s = -3*v + 139. What is the greatest common divisor of j and a?
3
Let k(i) = -4*i**2 - i - 38. Let c be k(0). Let p = c - -140. Calculate the greatest common factor of p and 34.
34
Let x(l) = -3*l + 52. Let c be x(-6). Let r(q) = -q**3 + 4*q + 3. Let k be r(-2). Suppose -12*d + k*d + 252 = 0. Calculate the highest common factor of c and d.
14
Suppose 0 = 3*p + 3*w + 12, -4*p + 7